rue
Suppose 5*q - 14 = -3*j + q, 2*q = 2*j. Is j/(4/74) + 0 composite?
False
Is (-1328)/(-8)*(-2)/(-4) prime?
True
Suppose -3*v + 1733 = -2*v. Is v composite?
False
Suppose 0*o + 4*r = -2*o + 792, -3*o + 2*r + 1212 = 0. Let f = -217 + o. Suppose 5*j - 185 = 3*l - l, -5*j - 2*l = -f. Is j a composite number?
False
Suppose 0 = -2*u - 3*u + 10, -3*u + 6 = q. Suppose q = -4*l + l + 543. Is l a prime number?
True
Let p(y) = y**2 - 2 - 2 + 1 + 8*y - 1. Let b be p(-9). Suppose 0 = -b*g + 2*g + 9. Is g a composite number?
False
Suppose -2*d - 24 = 2*d. Let n(h) = -h**3 - h**2 + 8*h + 1. Is n(d) a composite number?
True
Let g(k) = k + 8. Let d be g(-4). Let y be d/(-14) - 326/(-14). Let l = -16 + y. Is l a prime number?
True
Suppose 4*g + 17 = 3*i - g, -3*i + 4*g + 16 = 0. Suppose i*r = 5*r - 9. Is r prime?
False
Let t be 2*((-27)/6)/3. Let g(q) = -2*q**3 - q**2 - 3. Let j be g(t). Let h = 75 - j. Is h composite?
True
Let n(z) = 0 + z + 2 - 3. Let h be n(0). Is (h + 12)/(1/3) a composite number?
True
Let u = -25 - -28. Let f(d) = 22*d**2 + d + 2. Is f(u) composite?
True
Let c(g) = 280*g**2 + 1. Is c(-2) prime?
False
Let a(i) be the second derivative of i**7/504 + i**6/720 + i**5/40 + i**4/4 - i. Let h(q) be the third derivative of a(q). Is h(-4) a prime number?
True
Let z be (2/6)/((-2)/(-12)). Suppose z*o + 195 = 5*u, o = 5*u + 101 - 291. Is u a composite number?
False
Let b = 97 - 53. Suppose b = j + j. Is j a composite number?
True
Let t = -11 + 15. Is (11/2)/(2/t) a composite number?
False
Suppose -6 + 2 = 2*h. Let v(a) = -42*a - 3. Let o be v(h). Suppose -q - 4 = -o. Is q a composite number?
True
Let j = -5254 + 9957. Is j a prime number?
True
Suppose 0 = 3*d + 3*r + 3, d + 7 = -0*d - 3*r. Suppose 2*y + 4*m + 18 = 7*m, 0 = 4*y - d*m + 28. Is (-294)/(-9) + (-2)/y a prime number?
False
Let r = 3 + 0. Suppose -r*d + 115 + 26 = 0. Is d prime?
True
Let g = 12 + -7. Suppose -2*l + 237 = g*m, 3*m - 147 + 392 = 2*l. Is l prime?
False
Let w(a) = a**3 - a + 1. Let j(q) = -q**3 + 3*q**2 + 8*q + 1. Let f(c) = -j(c) - 2*w(c). Is f(-4) a composite number?
False
Suppose -3*i = -5*i + 5*t + 30, 2*i + 5*t - 50 = 0. Let h = i - 6. Is h composite?
True
Suppose 3*y - 2*m = 4, 4*m = -2*y + 6*m. Suppose 0 = d + 4*d - q - 109, -y*d = -q - 88. Let r = -14 + d. Is r composite?
False
Is 31466/30 + (-6 - 92/(-15)) a composite number?
False
Let l(h) = -1665*h - 23. Is l(-6) composite?
False
Let u(s) = -s**2 + 0*s + 10*s**2 - 2*s - 1 - 2*s. Is u(6) a composite number?
True
Suppose 5*y = k - 2 - 8, -5*y + 5 = 2*k. Let w(t) be the third derivative of 8*t**5/15 - t**4/24 - 2*t**2. Is w(y) composite?
True
Let o = -64 + 321. Is o a composite number?
False
Suppose v = 4, -2*v + 0*v - 2 = 5*x. Let c = x - -3. Let m(i) = 42*i + 1. Is m(c) prime?
True
Suppose 6 = 4*d - 2*r, -4*r + 33 = 2*d + r. Suppose w = 35 - d. Is w prime?
True
Suppose r = 3*s - 0 - 25, -40 = 4*r + 3*s. Let j = r - -44. Is j prime?
True
Let w = 15 - 11. Let g = w - 49. Let d = g + 124. Is d prime?
True
Is (87/(-2) - 1)/(4/(-472)) prime?
False
Suppose 5*y + w = 154, y - 5 = 2*w + 28. Is y a composite number?
False
Let f = -946 - -1375. Suppose 7*a - 3*a + 5*n - f = 0, 422 = 4*a - 2*n. Suppose -4*h = -82 - a. Is h composite?
False
Is (-7890)/30*(1*-3 - -2) composite?
False
Suppose 3*k - k = -670. Let m = -181 - k. Let s = -21 + m. Is s a prime number?
False
Let u(s) = 2*s - 4. Let d be u(-3). Let a be -7*-2*(-1)/2. Let j = a - d. Is j composite?
False
Let x(h) = -33*h - 5. Suppose -v - 3*v = -12. Suppose -1 - v = r. Is x(r) composite?
False
Suppose -2*l = 60 - 174. Is l prime?
False
Suppose 3 = -3*o, -2*t = 3*o - 5*o - 1944. Is t a prime number?
True
Let o(z) = -8*z - 1. Let l be o(-1). Suppose -l*g + 2*m = -3*g - 276, -4*m = 0. Is g a prime number?
False
Let s be 326/(-9) + (-4)/(-18). Suppose 0 = 4*u - 2*r - 9 - 219, 0 = 3*u + 2*r - 157. Let j = s + u. Is j prime?
True
Let a(w) = -w**2 + 9*w - 6. Let x be a(7). Is (178/x)/(2/8) a prime number?
True
Let j = 6 - 4. Suppose -43 = -q + 83. Suppose p + j*a + q = 5*p, 4*p = a + 129. Is p composite?
True
Let v(h) = -h**3 - 6*h**2 + 7*h + 5. Let q be v(-7). Suppose y + y = 5*j + 81, -4*j = -q*y + 177. Is y a prime number?
False
Let h be 195/6 - (-1)/2. Let b = 28 + -42. Let l = b + h. Is l a prime number?
True
Let v(d) = -2*d**3 - d**2 - 2*d - 2. Suppose 0 = 2*l - s + 8, 0 = 3*l - 3*s + s + 13. Is v(l) a composite number?
True
Let r = -81 + 1057. Suppose -7*w - 3 = -r. Is w prime?
True
Suppose 5*b - 25 + 5 = 0. Let v(y) = -2*y**2 + 7 - 4*y + 13*y**2 - b. Is v(4) a prime number?
True
Let i = 618 + -32. Is i composite?
True
Let c(d) = -d**3 + 18*d**2 - 20*d + 2. Is c(15) a prime number?
False
Let d be 10/(-4)*(0 - 2). Suppose 3*p - 181 = -2*g, d*p - 2*g = -5*g + 300. Is p a prime number?
False
Is (-2319)/(-7) - (-6)/(-21) composite?
False
Suppose -196 = -5*l + 739. Is l a prime number?
False
Suppose -2*f + 0*f = 0. Let m = f + 3. Suppose m*k - 12 = 18. Is k prime?
False
Let i(y) = 8*y**2 + 16*y + 15. Let b(h) = 3*h**2 + 5*h + 5. Let v(a) = -11*b(a) + 4*i(a). Is v(8) a composite number?
False
Let j(l) = -l**2 - 8*l - 9. Let b be j(-6). Suppose -2*d + 64 = 3*n, 0*n = -b*d + n + 118. Suppose 0*x = 2*x - d. Is x composite?
False
Let s(b) = 22*b**3 - b**2 + 2*b - 1. Let x be s(1). Let v(j) = -j**2 + 7*j + 5. Let k be v(6). Suppose -3*c + x = -k. Is c composite?
False
Let u = 5 + 0. Is 92*(u/(-2))/(-5) a prime number?
False
Is -502*(1/(-1))/1 a composite number?
True
Suppose 45 + 267 = 2*s + 2*l, 5*l + 25 = 0. Is s composite?
True
Suppose -7*c + 12458 = 2665. Is c composite?
False
Let g = 4 + -3. Is (12 + 1/(-1))/g composite?
False
Suppose 5*u - 3345 = 5*n, 6*n - 3345 = -5*u + 2*n. Is u a prime number?
False
Let p(v) = 2*v**2 - 6*v - 4. Let x be p(7). Is x - -3*4/4 prime?
False
Suppose 2*z + 2*z = 3*w - 4, -4*w + 10 = -3*z. Let q be (-750)/(-9) + 1*6/9. Suppose 0 = 2*k + t - 80, -z*t = -k + 3*k - q. Is k a composite number?
True
Let d be -2*(0 - 1)*1. Suppose 14 = 2*p + 4*b, 5*b - 4 = d*p - 0. Suppose z - 2*v - 151 = 3*v, -p*z = v - 389. Is z a composite number?
False
Let l = 922 - 293. Is l a composite number?
True
Let x(y) = 5*y**3 - 10*y**2 + 6*y + 3. Let b be x(7). Suppose 378 = -4*n + b. Is n a composite number?
False
Let j(t) = -114*t**2 - 6*t - 3. Let f be j(6). Let u be f/(-21) + (-2)/7. Suppose 15 = -2*p + u. Is p prime?
False
Let r(q) = -q**3 - 2*q**2 + 2. Let l be r(-2). Is ((-248)/12)/(l/(-3)) a prime number?
True
Suppose 11*u - 2631 = 8*u. Is u prime?
True
Let g be ((-1)/(-2))/(1/6). Suppose g = p - 136. Is p composite?
False
Let t = -476 - -667. Is t prime?
True
Let x(y) = 9*y**2 - 12*y + 2. Is x(9) a prime number?
False
Let m(g) = -4 + 2 - 259*g + 3. Let v be m(-1). Suppose -2*s = -r - 101, 3*s - r = -2*s + v. Is s a composite number?
False
Suppose -1 = -2*v + v. Let u be 4/16 + v/(-4). Is -1 - u - 0 - -80 a composite number?
False
Let c be 0 - -2 - 3/1. Let u be (-4 - (c - 1)) + 19. Let s = u + -6. Is s a composite number?
False
Suppose 2*b - 8 = 14. Suppose -b*m = -9*m - 934. Is m prime?
True
Let s(i) = i**3 + i**2 + i + 55. Let r(y) = -y**3 + 3*y**2 + 3*y + 4. Let z be r(4). Let t be s(z). Suppose 0 = 2*o - o - t. Is o a composite number?
True
Let b be 14*(27/6 - 1). Suppose 4*f - 591 = w + b, 5*w + 785 = 5*f. Is f a composite number?
True
Suppose -4*g + 18 = -42. Suppose 3*t - g = -6. Suppose 2*w + t*w - 335 = 0. Is w prime?
True
Suppose -r = -3*b + 12, -4*b + 3*r = -5*b - 6. Let j = b - 3. Suppose -f + 1 + 10 = j. Is f a prime number?
True
Let y be 2/3 + (-7)/(-3). Suppose u = 5*o + 50, -o - 313 = -5*u + y*o. Is u prime?
False
Suppose -4*d = -7*h + 4*h + 4417, h - 1467 = -4*d. Is h a composite number?
False
Suppose -4*x = -2*x - 4. Let m be x/3 - (-49)/3. Suppose -2*n + 13 = -m. Is n a composite number?
True
Let m(k) = -k**2 + 3*k + 1. Let c be m(3). Let j(i) = 3*i**2 - 4*i - 3*i + c + 4*i. Is j(4) a prime number?
True
Suppose -4*f + 6 = -3*c + 1, 3*f + c - 20 = 0. Let y(o) = o**2 + 4*o - 3. Let s be y(-5). Suppose 4*d - 50 = -f*m, 2*d + s*m = -3*m + 20. Is d composite?
True
Suppose -3*a - 5*o = -0*a - 31, 5 = o. Suppose a*f - 36 = -f. Suppose -n + 2*i + f = -13, -5*n + 149 = -2*i. Is n a prime number?
True
Suppose 5*v - 118 = -48. Let f = 24 - v. Is f a p